{"id":12325,"date":"2022-04-15T14:57:04","date_gmt":"2022-04-15T12:57:04","guid":{"rendered":"https:\/\/salzburgerheimatwerk.at\/produkt\/cd-alpenlaendische-lieder-und-weisendie-zweiten-25\/"},"modified":"2026-04-28T20:16:13","modified_gmt":"2026-04-28T18:16:13","slug":"cd-alpenlaendische-lieder-und-weisendie-zweiten-25","status":"publish","type":"product","link":"https:\/\/www.salzburgerheimatwerk.at\/en\/produkt\/cd-alpenlaendische-lieder-und-weisendie-zweiten-25\/","title":{"rendered":"CD Alpenl\u00e4ndische Lieder und Weisen<br>&#8220;Die zweiten 25&#8221;"},"content":{"rendered":"<p>In den ersten Jahrzehnten des Salzburger Adventsingens waren die Auff\u00fchrungen vom Gestaltungswillen und sch\u00f6pferischen Geist Tobi Reisers d. \u00c4. gepr\u00e4gt. Volkslieder und Volksmusik, \u00fcberlieferte Adventbr\u00e4uche und Hirtenspiele bestimmten das Geschehen. Karl Heinrich Waggerl wurde zur unverwechselbaren Stimme der Traditionsveranstaltung und Wilhelm Keller schuf mit seinen Kantaten bereits in den 1960er Jahren neue Klangbilder.<\/p>\n<p>Ab 1974 erfuhr die Traditionsveranstaltung durch Tobias Reiser d. J. eine nachhaltige, k\u00fcnstlerisch einpr\u00e4gsame, gef\u00fchlvolle Ver\u00e4nderung. Thematisch fokussierte Handlungsabl\u00e4ufe gewannen an Bedeutung und szenisch-musikalische Gesamtwerke wurden erarbeitet. Eindrucksvolle B\u00fchnenbilder r\u00fcckten das Geschehen mit stimmungsvollen Projektionen in ein neues Licht.<\/p>\n<p>Seit der Jahrtausendwende werden unter der Gesamtleitung von Hans K\u00f6hl wiederum neue szenisch-musikalische Gesamtwerke zur Auff\u00fchrung gebracht. Eine Konstante hat dabei seit Anbeginn einen bedeutenden Stellenwert. Es ist der reichhaltige Schatz \u00fcberlieferter adventlicher Lieder und Weisen, aus dem allj\u00e4hrlich aufs Neue gesch\u00f6pft wird. <\/p>\n<p>Die zweiten 25 sind ein klingender Beweis f\u00fcr die gro\u00dfe Vielfalt und den Reichtum der alpenl\u00e4ndischen Musiktradition, die beim Salzburger Adventsingen mit Freude und Begeisterung gelebt wird.<\/p>\n<p>CD: 25 Titel<br \/>\nSpieldauer: 50min<\/p>\n","protected":false},"excerpt":{"rendered":"<p>In den ersten Jahrzehnten des Salzburger Adventsingens waren die Auff\u00fchrungen vom Gestaltungswillen und sch\u00f6pferischen Geist Tobi Reisers d. \u00c4. gepr\u00e4gt. Volkslieder und Volksmusik, \u00fcberlieferte&#8230;<\/p>\n","protected":false},"featured_media":287621,"template":"","meta":{"_acf_changed":false},"product_brand":[],"product_cat":[1218,1263],"product_tag":[1198,1199],"class_list":{"0":"post-12325","1":"product","2":"type-product","3":"status-publish","4":"has-post-thumbnail","6":"pricegroup-1171","7":"pricegroup-1172","8":"productgroup-1173","9":"productgroup-1174","10":"product_cat-buecher-cds","11":"product_cat-cds-buecher-cds","12":"product_tag-alpenlaendische-lieder-und-weisen-vom-salzburger-adventsingen","13":"product_tag-die-zweiten-25","15":"first","16":"instock","17":"taxable","18":"shipping-taxable","19":"purchasable","20":"product-type-simple"},"acf":[],"jetpack_sharing_enabled":true,"_links":{"self":[{"href":"https:\/\/www.salzburgerheimatwerk.at\/en\/wp-json\/wp\/v2\/product\/12325","targetHints":{"allow":["GET"]}}],"collection":[{"href":"https:\/\/www.salzburgerheimatwerk.at\/en\/wp-json\/wp\/v2\/product"}],"about":[{"href":"https:\/\/www.salzburgerheimatwerk.at\/en\/wp-json\/wp\/v2\/types\/product"}],"wp:featuredmedia":[{"embeddable":true,"href":"https:\/\/www.salzburgerheimatwerk.at\/en\/wp-json\/wp\/v2\/media\/287621"}],"wp:attachment":[{"href":"https:\/\/www.salzburgerheimatwerk.at\/en\/wp-json\/wp\/v2\/media?parent=12325"}],"wp:term":[{"taxonomy":"product_brand","embeddable":true,"href":"https:\/\/www.salzburgerheimatwerk.at\/en\/wp-json\/wp\/v2\/product_brand?post=12325"},{"taxonomy":"product_cat","embeddable":true,"href":"https:\/\/www.salzburgerheimatwerk.at\/en\/wp-json\/wp\/v2\/product_cat?post=12325"},{"taxonomy":"product_tag","embeddable":true,"href":"https:\/\/www.salzburgerheimatwerk.at\/en\/wp-json\/wp\/v2\/product_tag?post=12325"}],"curies":[{"name":"wp","href":"https:\/\/api.w.org\/{rel}","templated":true}]}}

CD Alpenländische Lieder und Weisen<br>&#8220;Die zweiten 25&#8221;

<p>In den ersten Jahrzehnten des Salzburger Adventsingens waren die Aufführungen vom Gestaltungswillen und schöpferischen Geist Tobi Reisers d. Ä. geprägt. Volkslieder und Volksmusik, überlieferte Adventbräuche und Hirtenspiele bestimmten das Geschehen. Karl Heinrich Waggerl wurde zur unverwechselbaren Stimme der Traditionsveranstaltung und Wilhelm Keller schuf mit seinen Kantaten bereits in den 1960er Jahren neue Klangbilder.</p>
<p>Ab 1974 erfuhr die Traditionsveranstaltung durch Tobias Reiser d. J. eine nachhaltige, künstlerisch einprägsame, gefühlvolle Veränderung. Thematisch fokussierte Handlungsabläufe gewannen an Bedeutung und szenisch-musikalische Gesamtwerke wurden erarbeitet. Eindrucksvolle Bühnenbilder rückten das Geschehen mit stimmungsvollen Projektionen in ein neues Licht.</p>
<p>Seit der Jahrtausendwende werden unter der Gesamtleitung von Hans Köhl wiederum neue szenisch-musikalische Gesamtwerke zur Aufführung gebracht. Eine Konstante hat dabei seit Anbeginn einen bedeutenden Stellenwert. Es ist der reichhaltige Schatz überlieferter adventlicher Lieder und Weisen, aus dem alljährlich aufs Neue geschöpft wird. </p>
<p>Die zweiten 25 sind ein klingender Beweis für die große Vielfalt und den Reichtum der alpenländischen Musiktradition, die beim Salzburger Adventsingen mit Freude und Begeisterung gelebt wird.</p>
<p>CD: 25 Titel<br />
Spieldauer: 50min</p>

<p>In den ersten Jahrzehnten des Salzburger Adventsingens waren die Aufführungen vom Gestaltungswillen und schöpferischen Geist Tobi Reisers d. Ä. geprägt. Volkslieder und Volksmusik, überlieferte&#8230;</p>
