{"id":293278,"date":"2023-03-30T08:16:24","date_gmt":"2023-03-30T06:16:24","guid":{"rendered":"https:\/\/www.salzburgerheimatwerk.at\/produkt\/schultertasche-aus-kalbsleder-grau\/"},"modified":"2026-04-28T14:30:22","modified_gmt":"2026-04-28T12:30:22","slug":"schultertasche-aus-kalbsleder-grau","status":"publish","type":"product","link":"https:\/\/www.salzburgerheimatwerk.at\/en\/produkt\/schultertasche-aus-kalbsleder-grau\/","title":{"rendered":"Schultertasche aus Kalbsleder"},"content":{"rendered":"<p>Eine wundersch\u00f6n verabeitete Kalbsledertasche mit Umh\u00e4ngeriemen in grau. Handarbeit die man sieht und Qualit\u00e4t die man sp\u00fcrt. Die Tasche kann sowohl zur Tracht als auch zu klassischen Outfits getragen werden.<br \/>\nDie Tasche gibt es auch in einem sch\u00f6nen rot.<\/p>\n","protected":false},"excerpt":{"rendered":"<p>Eine wundersch\u00f6n verabeitete Kalbsledertasche mit Umh\u00e4ngeriemen in grau. Handarbeit die man sieht und Qualit\u00e4t die man sp\u00fcrt. Die Tasche kann sowohl zur Tracht als&#8230;<\/p>\n","protected":false},"featured_media":294493,"template":"","meta":{"_acf_changed":false},"product_brand":[],"product_cat":[48,58],"product_tag":[1929],"class_list":{"0":"post-293278","1":"product","2":"type-product","3":"status-publish","4":"has-post-thumbnail","6":"pricegroup-322","7":"pricegroup-202","8":"productgroup-323","9":"productgroup-204","10":"product_cat-damentracht","11":"product_cat-schuhe-taschen","12":"product_tag-tasche-aus-kalbsleder","13":"pa_farbe-rot","14":"pa_farbe-grau","16":"first","17":"instock","18":"taxable","19":"shipping-taxable","20":"purchasable","21":"product-type-simple"},"acf":[],"jetpack_sharing_enabled":true,"_links":{"self":[{"href":"https:\/\/www.salzburgerheimatwerk.at\/en\/wp-json\/wp\/v2\/product\/293278","targetHints":{"allow":["GET"]}}],"collection":[{"href":"https:\/\/www.salzburgerheimatwerk.at\/en\/wp-json\/wp\/v2\/product"}],"about":[{"href":"https:\/\/www.salzburgerheimatwerk.at\/en\/wp-json\/wp\/v2\/types\/product"}],"wp:featuredmedia":[{"embeddable":true,"href":"https:\/\/www.salzburgerheimatwerk.at\/en\/wp-json\/wp\/v2\/media\/294493"}],"wp:attachment":[{"href":"https:\/\/www.salzburgerheimatwerk.at\/en\/wp-json\/wp\/v2\/media?parent=293278"}],"wp:term":[{"taxonomy":"product_brand","embeddable":true,"href":"https:\/\/www.salzburgerheimatwerk.at\/en\/wp-json\/wp\/v2\/product_brand?post=293278"},{"taxonomy":"product_cat","embeddable":true,"href":"https:\/\/www.salzburgerheimatwerk.at\/en\/wp-json\/wp\/v2\/product_cat?post=293278"},{"taxonomy":"product_tag","embeddable":true,"href":"https:\/\/www.salzburgerheimatwerk.at\/en\/wp-json\/wp\/v2\/product_tag?post=293278"}],"curies":[{"name":"wp","href":"https:\/\/api.w.org\/{rel}","templated":true}]}}

<p>Eine wunderschön verabeitete Kalbsledertasche mit Umhängeriemen in grau. Handarbeit die man sieht und Qualität die man spürt. Die Tasche kann sowohl zur Tracht als auch zu klassischen Outfits getragen werden.<br />
Die Tasche gibt es auch in einem schönen rot.</p>

<p>Eine wunderschön verabeitete Kalbsledertasche mit Umhängeriemen in grau. Handarbeit die man sieht und Qualität die man spürt. Die Tasche kann sowohl zur Tracht als&#8230;</p>
