{"id":298947,"date":"2023-10-05T08:18:32","date_gmt":"2023-10-05T06:18:32","guid":{"rendered":"https:\/\/www.salzburgerheimatwerk.at\/produkt\/lodendirndl-elli\/"},"modified":"2026-04-28T18:23:10","modified_gmt":"2026-04-28T16:23:10","slug":"lodendirndl-elli","status":"publish","type":"product","link":"https:\/\/www.salzburgerheimatwerk.at\/en\/produkt\/lodendirndl-elli\/","title":{"rendered":"Heimatwerk Lodendirndl Elli"},"content":{"rendered":"<p>Das herbstliche Dirndl &#8220;Elli&#8221; besticht durch sein Miederoberteil in Karo Tweed Optik und wird durch die Paspelierungen gekonnt erg\u00e4nzt.  Zugleich setzt der in Bahnen geschnittene Wollrock das traditionelle Design gekonnt in Szene, w\u00e4hrend die changierende Seidensch\u00fcrze das Gesamtbild harmonisch komplettiert.<\/p>\n","protected":false},"excerpt":{"rendered":"<p>Das herbstliche Dirndl &#8220;Elli&#8221; besticht durch sein Miederoberteil in Karo Tweed Optik und wird durch die Paspelierungen gekonnt erg\u00e4nzt.  Zugleich setzt der in&#8230;<\/p>\n","protected":false},"featured_media":329346,"template":"","meta":{"_acf_changed":false},"product_brand":[],"product_cat":[48,49],"product_tag":[2077],"class_list":{"0":"post-298947","1":"product","2":"type-product","3":"status-publish","4":"has-post-thumbnail","6":"pricegroup-202","7":"pricegroup-312","8":"productgroup-313","9":"productgroup-204","10":"product_cat-damentracht","11":"product_cat-dirndl-kleider","12":"product_tag-dirndl-elli","14":"first","15":"instock","16":"taxable","17":"shipping-taxable","18":"purchasable","19":"product-type-variable","20":"has-default-attributes"},"acf":[],"jetpack_sharing_enabled":true,"_links":{"self":[{"href":"https:\/\/www.salzburgerheimatwerk.at\/en\/wp-json\/wp\/v2\/product\/298947","targetHints":{"allow":["GET"]}}],"collection":[{"href":"https:\/\/www.salzburgerheimatwerk.at\/en\/wp-json\/wp\/v2\/product"}],"about":[{"href":"https:\/\/www.salzburgerheimatwerk.at\/en\/wp-json\/wp\/v2\/types\/product"}],"wp:featuredmedia":[{"embeddable":true,"href":"https:\/\/www.salzburgerheimatwerk.at\/en\/wp-json\/wp\/v2\/media\/329346"}],"wp:attachment":[{"href":"https:\/\/www.salzburgerheimatwerk.at\/en\/wp-json\/wp\/v2\/media?parent=298947"}],"wp:term":[{"taxonomy":"product_brand","embeddable":true,"href":"https:\/\/www.salzburgerheimatwerk.at\/en\/wp-json\/wp\/v2\/product_brand?post=298947"},{"taxonomy":"product_cat","embeddable":true,"href":"https:\/\/www.salzburgerheimatwerk.at\/en\/wp-json\/wp\/v2\/product_cat?post=298947"},{"taxonomy":"product_tag","embeddable":true,"href":"https:\/\/www.salzburgerheimatwerk.at\/en\/wp-json\/wp\/v2\/product_tag?post=298947"}],"curies":[{"name":"wp","href":"https:\/\/api.w.org\/{rel}","templated":true}]}}

<p>Das herbstliche Dirndl &#8220;Elli&#8221; besticht durch sein Miederoberteil in Karo Tweed Optik und wird durch die Paspelierungen gekonnt ergänzt.  Zugleich setzt der in Bahnen geschnittene Wollrock das traditionelle Design gekonnt in Szene, während die changierende Seidenschürze das Gesamtbild harmonisch komplettiert.</p>

<p>Das herbstliche Dirndl &#8220;Elli&#8221; besticht durch sein Miederoberteil in Karo Tweed Optik und wird durch die Paspelierungen gekonnt ergänzt.  Zugleich setzt der in&#8230;</p>
