{"id":299981,"date":"2023-10-21T08:20:28","date_gmt":"2023-10-21T06:20:28","guid":{"rendered":"https:\/\/www.salzburgerheimatwerk.at\/produkt\/strickjacke-mit-nerz-2\/"},"modified":"2026-04-28T18:25:09","modified_gmt":"2026-04-28T16:25:09","slug":"strickjacke-mit-nerz-2","status":"publish","type":"product","link":"https:\/\/www.salzburgerheimatwerk.at\/en\/produkt\/strickjacke-mit-nerz-2\/","title":{"rendered":"Strickjacke mit Nerz"},"content":{"rendered":"<p>Strickjacke von Mirabell Salzburg in mel\u00e9 Beerent\u00f6nen mit Nerzeinfassung am Kragen und elegantem Knebelverschlu\u00df. (R\u00fcckenl\u00e4nge ca. 65cm)<br \/>\nperfekt kombinierbar zu Hosen oder R\u00f6cken<\/p>\n","protected":false},"excerpt":{"rendered":"<p>Strickjacke von Mirabell Salzburg in mel\u00e9 Beerent\u00f6nen mit Nerzeinfassung am Kragen und elegantem Knebelverschlu\u00df. (R\u00fcckenl\u00e4nge ca. 65cm) perfekt kombinierbar zu Hosen oder&#8230;<\/p>\n","protected":false},"featured_media":325528,"template":"","meta":{"_acf_changed":false},"product_brand":[],"product_cat":[304,48,53],"product_tag":[2090],"class_list":{"0":"post-299981","1":"product","2":"type-product","3":"status-publish","4":"has-post-thumbnail","6":"pricegroup-232","7":"pricegroup-202","8":"productgroup-233","9":"productgroup-204","10":"product_cat-jacken-maentel-damentracht","11":"product_cat-damentracht","12":"product_cat-strick-walk","13":"product_tag-strickstehkragenjacke","14":"pa_farbe-pink","16":"first","17":"instock","18":"taxable","19":"shipping-taxable","20":"purchasable","21":"product-type-variable","22":"has-default-attributes"},"acf":[],"jetpack_sharing_enabled":true,"_links":{"self":[{"href":"https:\/\/www.salzburgerheimatwerk.at\/en\/wp-json\/wp\/v2\/product\/299981","targetHints":{"allow":["GET"]}}],"collection":[{"href":"https:\/\/www.salzburgerheimatwerk.at\/en\/wp-json\/wp\/v2\/product"}],"about":[{"href":"https:\/\/www.salzburgerheimatwerk.at\/en\/wp-json\/wp\/v2\/types\/product"}],"wp:featuredmedia":[{"embeddable":true,"href":"https:\/\/www.salzburgerheimatwerk.at\/en\/wp-json\/wp\/v2\/media\/325528"}],"wp:attachment":[{"href":"https:\/\/www.salzburgerheimatwerk.at\/en\/wp-json\/wp\/v2\/media?parent=299981"}],"wp:term":[{"taxonomy":"product_brand","embeddable":true,"href":"https:\/\/www.salzburgerheimatwerk.at\/en\/wp-json\/wp\/v2\/product_brand?post=299981"},{"taxonomy":"product_cat","embeddable":true,"href":"https:\/\/www.salzburgerheimatwerk.at\/en\/wp-json\/wp\/v2\/product_cat?post=299981"},{"taxonomy":"product_tag","embeddable":true,"href":"https:\/\/www.salzburgerheimatwerk.at\/en\/wp-json\/wp\/v2\/product_tag?post=299981"}],"curies":[{"name":"wp","href":"https:\/\/api.w.org\/{rel}","templated":true}]}}

<p>Strickjacke von Mirabell Salzburg in melé Beerentönen mit Nerzeinfassung am Kragen und elegantem Knebelverschluß. (Rückenlänge ca. 65cm)<br />
perfekt kombinierbar zu Hosen oder Röcken</p>

<p>Strickjacke von Mirabell Salzburg in melé Beerentönen mit Nerzeinfassung am Kragen und elegantem Knebelverschluß. (Rückenlänge ca. 65cm) perfekt kombinierbar zu Hosen oder&#8230;</p>
