{"id":317183,"date":"2024-08-07T08:16:51","date_gmt":"2024-08-07T06:16:51","guid":{"rendered":"https:\/\/www.salzburgerheimatwerk.at\/produkt\/herrenweste-lautersee\/"},"modified":"2026-04-28T18:27:09","modified_gmt":"2026-04-28T16:27:09","slug":"herrenweste-lautersee","status":"publish","type":"product","link":"https:\/\/www.salzburgerheimatwerk.at\/en\/produkt\/herrenweste-lautersee\/","title":{"rendered":"Herrenweste Lautersee"},"content":{"rendered":"<p>Irland ist ber\u00fchmt f\u00fcr seine hochwertigen Leinenstoffe. Diese Leinen-Baumwollqualit\u00e4t z\u00e4hlt zu den Sch\u00f6nsten, was von der gr\u00fcnen Insel kommt. Durch mehrmaliges Waschen und aufwendige Behandlungen verliert die Flaxfaser seine Steifigkeit, wird angenehm weich und knittert dadurch nicht mehr so sehr wie gew\u00f6hnliche Leinenstoffe. Durch das Farbspiel eines grauen und schwarzen Webfadens hat der Fischgrad eine interessante Tiefe und passt so perfekt zu unserer Herrenjoppe Lautersee. Qualit\u00e4t auf ganzer Linie.<br \/>\nDie Herrenweste besticht durch eine hervorragende Passform, Stehkragen mit Kragen in Kontrastfarbe, Seidenr\u00fccken mit Schlie\u00dfe.<\/p>\n","protected":false},"excerpt":{"rendered":"<p>Irland ist ber\u00fchmt f\u00fcr seine hochwertigen Leinenstoffe. Diese Leinen-Baumwollqualit\u00e4t z\u00e4hlt zu den Sch\u00f6nsten, was von der gr\u00fcnen Insel kommt. Durch mehrmaliges Waschen und aufwendige&#8230;<\/p>\n","protected":false},"featured_media":343723,"template":"","meta":{"_acf_changed":false},"product_brand":[],"product_cat":[59,63],"product_tag":[821],"class_list":{"0":"post-317183","1":"product","2":"type-product","3":"status-publish","4":"has-post-thumbnail","6":"pricegroup-166","7":"pricegroup-817","8":"productgroup-174","9":"productgroup-818","10":"product_cat-herrentracht","11":"product_cat-westen","12":"product_tag-herrenweste","13":"pa_farbe-grau","15":"first","16":"instock","17":"taxable","18":"shipping-taxable","19":"purchasable","20":"product-type-variable","21":"has-default-attributes"},"acf":[],"jetpack_sharing_enabled":true,"_links":{"self":[{"href":"https:\/\/www.salzburgerheimatwerk.at\/en\/wp-json\/wp\/v2\/product\/317183","targetHints":{"allow":["GET"]}}],"collection":[{"href":"https:\/\/www.salzburgerheimatwerk.at\/en\/wp-json\/wp\/v2\/product"}],"about":[{"href":"https:\/\/www.salzburgerheimatwerk.at\/en\/wp-json\/wp\/v2\/types\/product"}],"wp:featuredmedia":[{"embeddable":true,"href":"https:\/\/www.salzburgerheimatwerk.at\/en\/wp-json\/wp\/v2\/media\/343723"}],"wp:attachment":[{"href":"https:\/\/www.salzburgerheimatwerk.at\/en\/wp-json\/wp\/v2\/media?parent=317183"}],"wp:term":[{"taxonomy":"product_brand","embeddable":true,"href":"https:\/\/www.salzburgerheimatwerk.at\/en\/wp-json\/wp\/v2\/product_brand?post=317183"},{"taxonomy":"product_cat","embeddable":true,"href":"https:\/\/www.salzburgerheimatwerk.at\/en\/wp-json\/wp\/v2\/product_cat?post=317183"},{"taxonomy":"product_tag","embeddable":true,"href":"https:\/\/www.salzburgerheimatwerk.at\/en\/wp-json\/wp\/v2\/product_tag?post=317183"}],"curies":[{"name":"wp","href":"https:\/\/api.w.org\/{rel}","templated":true}]}}

<p>Irland ist berühmt für seine hochwertigen Leinenstoffe. Diese Leinen-Baumwollqualität zählt zu den Schönsten, was von der grünen Insel kommt. Durch mehrmaliges Waschen und aufwendige Behandlungen verliert die Flaxfaser seine Steifigkeit, wird angenehm weich und knittert dadurch nicht mehr so sehr wie gewöhnliche Leinenstoffe. Durch das Farbspiel eines grauen und schwarzen Webfadens hat der Fischgrad eine interessante Tiefe und passt so perfekt zu unserer Herrenjoppe Lautersee. Qualität auf ganzer Linie.<br />
Die Herrenweste besticht durch eine hervorragende Passform, Stehkragen mit Kragen in Kontrastfarbe, Seidenrücken mit Schließe.</p>

<p>Irland ist berühmt für seine hochwertigen Leinenstoffe. Diese Leinen-Baumwollqualität zählt zu den Schönsten, was von der grünen Insel kommt. Durch mehrmaliges Waschen und aufwendige&#8230;</p>
