{"id":326837,"date":"2024-10-20T08:16:02","date_gmt":"2024-10-20T06:16:02","guid":{"rendered":"https:\/\/www.salzburgerheimatwerk.at\/produkt\/herrenjacke-loden-karo\/"},"modified":"2026-04-28T18:27:11","modified_gmt":"2026-04-28T16:27:11","slug":"herrenjacke-loden-karo","status":"publish","type":"product","link":"https:\/\/www.salzburgerheimatwerk.at\/en\/produkt\/herrenjacke-loden-karo\/","title":{"rendered":"Herrenjacke Loden Karo"},"content":{"rendered":"<p>Gro\u00dfartiges Trachten-Sakko f\u00fcr Herren in karo Loden. Mit diesem eleganten Sakko haben Sie einen stilsicheren Begleiter f\u00fcr traditionelle Anl\u00e4sse. W\u00e4hrend Hornkn\u00f6pfe rustikale Akzente setzen, runden klassische Details das Design edel ab.<br \/>\nAntaillierte Passform<br \/>\nReverskragen mit Samtbesatz.<br \/>\nKnopfleiste<br \/>\n1 Brusttasche<br \/>\n2 Paspeltaschen<br \/>\n3 Innentaschen<br \/>\nHornkn\u00f6pfe<br \/>\nGekn\u00f6pfte \u00c4rmelenden<br \/>\nSeitliche R\u00fcckenschlitze<br \/>\nEllbogenschoner aus Leder<br \/>\nPaspeln aus Samt<\/p>\n","protected":false},"excerpt":{"rendered":"<p>Gro\u00dfartiges Trachten-Sakko f\u00fcr Herren in karo Loden. Mit diesem eleganten Sakko haben Sie einen stilsicheren Begleiter f\u00fcr traditionelle Anl\u00e4sse. W\u00e4hrend Hornkn\u00f6pfe rustikale Akzente setzen,&#8230;<\/p>\n","protected":false},"featured_media":343798,"template":"","meta":{"_acf_changed":false},"product_brand":[],"product_cat":[1222,59,61],"product_tag":[853],"class_list":{"0":"post-326837","1":"product","2":"type-product","3":"status-publish","4":"has-post-thumbnail","6":"pricegroup-850","7":"pricegroup-166","8":"productgroup-851","9":"productgroup-174","10":"product_cat-sakko","11":"product_cat-herrentracht","12":"product_cat-jacken-maentel","13":"product_tag-herrenjacke","14":"pa_farbe-blau","16":"first","17":"instock","18":"taxable","19":"shipping-taxable","20":"purchasable","21":"product-type-variable","22":"has-default-attributes"},"acf":[],"jetpack_sharing_enabled":true,"_links":{"self":[{"href":"https:\/\/www.salzburgerheimatwerk.at\/en\/wp-json\/wp\/v2\/product\/326837","targetHints":{"allow":["GET"]}}],"collection":[{"href":"https:\/\/www.salzburgerheimatwerk.at\/en\/wp-json\/wp\/v2\/product"}],"about":[{"href":"https:\/\/www.salzburgerheimatwerk.at\/en\/wp-json\/wp\/v2\/types\/product"}],"wp:featuredmedia":[{"embeddable":true,"href":"https:\/\/www.salzburgerheimatwerk.at\/en\/wp-json\/wp\/v2\/media\/343798"}],"wp:attachment":[{"href":"https:\/\/www.salzburgerheimatwerk.at\/en\/wp-json\/wp\/v2\/media?parent=326837"}],"wp:term":[{"taxonomy":"product_brand","embeddable":true,"href":"https:\/\/www.salzburgerheimatwerk.at\/en\/wp-json\/wp\/v2\/product_brand?post=326837"},{"taxonomy":"product_cat","embeddable":true,"href":"https:\/\/www.salzburgerheimatwerk.at\/en\/wp-json\/wp\/v2\/product_cat?post=326837"},{"taxonomy":"product_tag","embeddable":true,"href":"https:\/\/www.salzburgerheimatwerk.at\/en\/wp-json\/wp\/v2\/product_tag?post=326837"}],"curies":[{"name":"wp","href":"https:\/\/api.w.org\/{rel}","templated":true}]}}

<p>Großartiges Trachten-Sakko für Herren in karo Loden. Mit diesem eleganten Sakko haben Sie einen stilsicheren Begleiter für traditionelle Anlässe. Während Hornknöpfe rustikale Akzente setzen, runden klassische Details das Design edel ab.<br />
Antaillierte Passform<br />
Reverskragen mit Samtbesatz.<br />
Knopfleiste<br />
1 Brusttasche<br />
2 Paspeltaschen<br />
3 Innentaschen<br />
Hornknöpfe<br />
Geknöpfte Ärmelenden<br />
Seitliche Rückenschlitze<br />
Ellbogenschoner aus Leder<br />
Paspeln aus Samt</p>

<p>Großartiges Trachten-Sakko für Herren in karo Loden. Mit diesem eleganten Sakko haben Sie einen stilsicheren Begleiter für traditionelle Anlässe. Während Hornknöpfe rustikale Akzente setzen,&#8230;</p>
