{"id":328082,"date":"2024-11-30T07:16:35","date_gmt":"2024-11-30T06:16:35","guid":{"rendered":"https:\/\/www.salzburgerheimatwerk.at\/produkt\/kurze-strickjacke-mit-armschlitzen\/"},"modified":"2026-04-28T19:17:12","modified_gmt":"2026-04-28T17:17:12","slug":"kurze-strickjacke-mit-armschlitzen","status":"publish","type":"product","link":"https:\/\/www.salzburgerheimatwerk.at\/en\/produkt\/kurze-strickjacke-mit-armschlitzen\/","title":{"rendered":"Kurze Strickjacke mit Armschlitzen"},"content":{"rendered":"<p>Mirabelljacke aus reiner Wolle mit Lederkn\u00f6pfen. Das gold-gelbe Mel\u00e9 passt sich sehr festlich zum Dirndl, Jeans oder festlichen Rock an. Die L\u00e4nge mit ca. 55cm eignet sich perfekt zu Kleidern, aber auch zu Hosen. Schlichte Eingrifftaschen runden diese Jacke ab.<\/p>\n","protected":false},"excerpt":{"rendered":"<p>Mirabelljacke aus reiner Wolle mit Lederkn\u00f6pfen. Das gold-gelbe Mel\u00e9 passt sich sehr festlich zum Dirndl, Jeans oder festlichen Rock an. Die L\u00e4nge mit ca&#8230;.<\/p>\n","protected":false},"featured_media":328534,"template":"","meta":{"_acf_changed":false},"product_brand":[],"product_cat":[48,53],"product_tag":[237],"class_list":{"0":"post-328082","1":"product","2":"type-product","3":"status-publish","4":"has-post-thumbnail","6":"pricegroup-232","7":"pricegroup-202","8":"productgroup-233","9":"productgroup-204","10":"product_cat-damentracht","11":"product_cat-strick-walk","12":"product_tag-strickjacke","13":"pa_farbe-gelb","15":"first","16":"instock","17":"taxable","18":"shipping-taxable","19":"purchasable","20":"product-type-variable","21":"has-default-attributes"},"acf":[],"jetpack_sharing_enabled":true,"_links":{"self":[{"href":"https:\/\/www.salzburgerheimatwerk.at\/en\/wp-json\/wp\/v2\/product\/328082","targetHints":{"allow":["GET"]}}],"collection":[{"href":"https:\/\/www.salzburgerheimatwerk.at\/en\/wp-json\/wp\/v2\/product"}],"about":[{"href":"https:\/\/www.salzburgerheimatwerk.at\/en\/wp-json\/wp\/v2\/types\/product"}],"wp:featuredmedia":[{"embeddable":true,"href":"https:\/\/www.salzburgerheimatwerk.at\/en\/wp-json\/wp\/v2\/media\/328534"}],"wp:attachment":[{"href":"https:\/\/www.salzburgerheimatwerk.at\/en\/wp-json\/wp\/v2\/media?parent=328082"}],"wp:term":[{"taxonomy":"product_brand","embeddable":true,"href":"https:\/\/www.salzburgerheimatwerk.at\/en\/wp-json\/wp\/v2\/product_brand?post=328082"},{"taxonomy":"product_cat","embeddable":true,"href":"https:\/\/www.salzburgerheimatwerk.at\/en\/wp-json\/wp\/v2\/product_cat?post=328082"},{"taxonomy":"product_tag","embeddable":true,"href":"https:\/\/www.salzburgerheimatwerk.at\/en\/wp-json\/wp\/v2\/product_tag?post=328082"}],"curies":[{"name":"wp","href":"https:\/\/api.w.org\/{rel}","templated":true}]}}

<p>Mirabelljacke aus reiner Wolle mit Lederknöpfen. Das gold-gelbe Melé passt sich sehr festlich zum Dirndl, Jeans oder festlichen Rock an. Die Länge mit ca. 55cm eignet sich perfekt zu Kleidern, aber auch zu Hosen. Schlichte Eingrifftaschen runden diese Jacke ab.</p>

<p>Mirabelljacke aus reiner Wolle mit Lederknöpfen. Das gold-gelbe Melé passt sich sehr festlich zum Dirndl, Jeans oder festlichen Rock an. Die Länge mit ca&#8230;.</p>
