{"id":334697,"date":"2025-03-27T07:16:07","date_gmt":"2025-03-27T06:16:07","guid":{"rendered":"https:\/\/www.salzburgerheimatwerk.at\/produkt\/trachtenjacke-aus-leinen\/"},"modified":"2026-04-28T19:19:08","modified_gmt":"2026-04-28T17:19:08","slug":"trachtenjacke-aus-leinen","status":"publish","type":"product","link":"https:\/\/www.salzburgerheimatwerk.at\/en\/produkt\/trachtenjacke-aus-leinen\/","title":{"rendered":"Leinen Sakko"},"content":{"rendered":"<p>Sommerliches Trachten-Sakko f\u00fcr Herren in Fischgr\u00e4tleinen . Mit diesem eleganten Sakko haben Sie einen stilsicheren Begleiter f\u00fcr traditionelle und feierliche Anl\u00e4sse. W\u00e4hrend Hornkn\u00f6pfe rustikale Akzente setzen, runden klassische Details das Design edel ab.<br \/>\nAntaillierte Passform<br \/>\nReverskragen mit Leinenbesatz<br \/>\nKnopfleiste<br \/>\n1 Brusttasche<br \/>\n2 Paspeltaschen<br \/>\n3 Innentaschen<br \/>\nHornkn\u00f6pfe<br \/>\nGekn\u00f6pfte \u00c4rmelenden<br \/>\nSeitliche R\u00fcckenschlitze<br \/>\nEllbogenschoner aus Leder<br \/>\nPaspeln aus Leinen<\/p>\n","protected":false},"excerpt":{"rendered":"<p>Sommerliches Trachten-Sakko f\u00fcr Herren in Fischgr\u00e4tleinen . Mit diesem eleganten Sakko haben Sie einen stilsicheren Begleiter f\u00fcr traditionelle und feierliche Anl\u00e4sse. W\u00e4hrend Hornkn\u00f6pfe rustikale&#8230;<\/p>\n","protected":false},"featured_media":343847,"template":"","meta":{"_acf_changed":false},"product_brand":[],"product_cat":[59,61,1222],"product_tag":[2018],"class_list":{"0":"post-334697","1":"product","2":"type-product","3":"status-publish","4":"has-post-thumbnail","6":"pricegroup-166","7":"pricegroup-850","8":"productgroup-174","9":"productgroup-851","10":"product_cat-herrentracht","11":"product_cat-jacken-maentel","12":"product_cat-sakko","13":"product_tag-herrensakko","14":"pa_farbe-oliv","15":"pa_farbe-mehrfarbig","16":"pa_farbe-gruen","18":"first","19":"instock","20":"taxable","21":"shipping-taxable","22":"purchasable","23":"product-type-variable","24":"has-default-attributes"},"acf":[],"jetpack_sharing_enabled":true,"_links":{"self":[{"href":"https:\/\/www.salzburgerheimatwerk.at\/en\/wp-json\/wp\/v2\/product\/334697","targetHints":{"allow":["GET"]}}],"collection":[{"href":"https:\/\/www.salzburgerheimatwerk.at\/en\/wp-json\/wp\/v2\/product"}],"about":[{"href":"https:\/\/www.salzburgerheimatwerk.at\/en\/wp-json\/wp\/v2\/types\/product"}],"wp:featuredmedia":[{"embeddable":true,"href":"https:\/\/www.salzburgerheimatwerk.at\/en\/wp-json\/wp\/v2\/media\/343847"}],"wp:attachment":[{"href":"https:\/\/www.salzburgerheimatwerk.at\/en\/wp-json\/wp\/v2\/media?parent=334697"}],"wp:term":[{"taxonomy":"product_brand","embeddable":true,"href":"https:\/\/www.salzburgerheimatwerk.at\/en\/wp-json\/wp\/v2\/product_brand?post=334697"},{"taxonomy":"product_cat","embeddable":true,"href":"https:\/\/www.salzburgerheimatwerk.at\/en\/wp-json\/wp\/v2\/product_cat?post=334697"},{"taxonomy":"product_tag","embeddable":true,"href":"https:\/\/www.salzburgerheimatwerk.at\/en\/wp-json\/wp\/v2\/product_tag?post=334697"}],"curies":[{"name":"wp","href":"https:\/\/api.w.org\/{rel}","templated":true}]}}

<p>Sommerliches Trachten-Sakko für Herren in Fischgrätleinen . Mit diesem eleganten Sakko haben Sie einen stilsicheren Begleiter für traditionelle und feierliche Anlässe. Während Hornknöpfe rustikale Akzente setzen, runden klassische Details das Design edel ab.<br />
Antaillierte Passform<br />
Reverskragen mit Leinenbesatz<br />
Knopfleiste<br />
1 Brusttasche<br />
2 Paspeltaschen<br />
3 Innentaschen<br />
Hornknöpfe<br />
Geknöpfte Ärmelenden<br />
Seitliche Rückenschlitze<br />
Ellbogenschoner aus Leder<br />
Paspeln aus Leinen</p>

<p>Sommerliches Trachten-Sakko für Herren in Fischgrätleinen . Mit diesem eleganten Sakko haben Sie einen stilsicheren Begleiter für traditionelle und feierliche Anlässe. Während Hornknöpfe rustikale&#8230;</p>
