{"id":337306,"date":"2025-07-15T06:16:33","date_gmt":"2025-07-15T04:16:33","guid":{"rendered":"https:\/\/www.salzburgerheimatwerk.at\/produkt\/damenweste\/"},"modified":"2026-04-28T18:29:09","modified_gmt":"2026-04-28T16:29:09","slug":"damenweste","status":"publish","type":"product","link":"https:\/\/www.salzburgerheimatwerk.at\/en\/produkt\/damenweste\/","title":{"rendered":"Damenweste"},"content":{"rendered":"<p>Miederweste mit geradem Ausschnitt und Sch\u00f6\u00dfchen<\/p>\n<p>\u2022 gerader Ausschnitt<br \/>\n\u2022 Stoff\u00fcberzogene Kn\u00f6pfe<br \/>\n\u2022 \u00c4nderungsfreundlich (bis zu 2,5 Gr\u00f6\u00dfen erweiterbar)<\/p>\n<p>Oberstoff: 100% Baumwolle<br \/>\nFutter: 60% Viskose, 37% Baumwolle, 3% Elasthan<\/p>\n","protected":false},"excerpt":{"rendered":"<p>Miederweste mit geradem Ausschnitt und Sch\u00f6\u00dfchen  \u2022 gerader Ausschnitt \u2022 Stoff\u00fcberzogene Kn\u00f6pfe \u2022 \u00c4nderungsfreundlich (bis zu 2,5 Gr\u00f6\u00dfen erweiterbar)  Oberstoff: 100% Baumwolle&#8230;<\/p>\n","protected":false},"featured_media":337312,"template":"","meta":{"_acf_changed":false},"product_brand":[],"product_cat":[48,1049],"product_tag":[1880],"class_list":{"0":"post-337306","1":"product","2":"type-product","3":"status-publish","4":"has-post-thumbnail","6":"pricegroup-202","7":"pricegroup-1047","8":"productgroup-204","9":"productgroup-1048","10":"product_cat-damentracht","11":"product_cat-westen-damentracht","12":"product_tag-damenweste","13":"pa_farbe-blau","15":"first","16":"instock","17":"taxable","18":"shipping-taxable","19":"purchasable","20":"product-type-variable"},"acf":[],"jetpack_sharing_enabled":true,"_links":{"self":[{"href":"https:\/\/www.salzburgerheimatwerk.at\/en\/wp-json\/wp\/v2\/product\/337306","targetHints":{"allow":["GET"]}}],"collection":[{"href":"https:\/\/www.salzburgerheimatwerk.at\/en\/wp-json\/wp\/v2\/product"}],"about":[{"href":"https:\/\/www.salzburgerheimatwerk.at\/en\/wp-json\/wp\/v2\/types\/product"}],"wp:featuredmedia":[{"embeddable":true,"href":"https:\/\/www.salzburgerheimatwerk.at\/en\/wp-json\/wp\/v2\/media\/337312"}],"wp:attachment":[{"href":"https:\/\/www.salzburgerheimatwerk.at\/en\/wp-json\/wp\/v2\/media?parent=337306"}],"wp:term":[{"taxonomy":"product_brand","embeddable":true,"href":"https:\/\/www.salzburgerheimatwerk.at\/en\/wp-json\/wp\/v2\/product_brand?post=337306"},{"taxonomy":"product_cat","embeddable":true,"href":"https:\/\/www.salzburgerheimatwerk.at\/en\/wp-json\/wp\/v2\/product_cat?post=337306"},{"taxonomy":"product_tag","embeddable":true,"href":"https:\/\/www.salzburgerheimatwerk.at\/en\/wp-json\/wp\/v2\/product_tag?post=337306"}],"curies":[{"name":"wp","href":"https:\/\/api.w.org\/{rel}","templated":true}]}}

<p>Miederweste mit geradem Ausschnitt und Schößchen</p>
<p>• gerader Ausschnitt<br />
• Stoffüberzogene Knöpfe<br />
• Änderungsfreundlich (bis zu 2,5 Größen erweiterbar)</p>
<p>Oberstoff: 100% Baumwolle<br />
Futter: 60% Viskose, 37% Baumwolle, 3% Elasthan</p>

<p>Miederweste mit geradem Ausschnitt und Schößchen  • gerader Ausschnitt • Stoffüberzogene Knöpfe • Änderungsfreundlich (bis zu 2,5 Größen erweiterbar)  Oberstoff: 100% Baumwolle&#8230;</p>
