{"id":337470,"date":"2025-07-23T06:16:05","date_gmt":"2025-07-23T04:16:05","guid":{"rendered":"https:\/\/www.salzburgerheimatwerk.at\/produkt\/dirndl-the-hills-are-alive\/"},"modified":"2026-04-28T19:19:10","modified_gmt":"2026-04-28T17:19:10","slug":"dirndl-the-hills-are-alive","status":"publish","type":"product","link":"https:\/\/www.salzburgerheimatwerk.at\/en\/produkt\/dirndl-the-hills-are-alive\/","title":{"rendered":"Dirndl &#8220;The hills are alive&#8221;"},"content":{"rendered":"<p>Anl\u00e4sslich des 60j\u00e4hrigen Jubil\u00e4ums des bekannten Filmes &#8220;The Sound of Music&#8221; pr\u00e4sentieren wir aus unserer Spezialedition das Dirndl &#8220;The hills are alive&#8221;.<br \/>\nWundersch\u00f6nes Leinendirndl in schwarz mit Streifsch\u00fcrze aus Halbleinen. Dank hochwertiger Leinen-Qualit\u00e4t begeistert das Modell mit traditioneller Aufmachung sowie romantischer Note durch die femininen Puff\u00e4rmel. Der in Falten gelegte Rock mit den Biesen vollendet dieses einzigartige Dirndl und macht es zu einem zeitlosen Begleiter! Das Kleid kann auch ohne Sch\u00fcrze mit G\u00fcrtel getragen werden und ist auch an hei\u00dfen Sommertagen ein traumhaftes Outfit. Qualit\u00e4t die man sieht und sp\u00fcrt &#8211; Qualit\u00e4t aus dem Salzburger Heimatwerk. Designt und verarbeitet im Herzen der Salzburger Altstadt in unserer Ma\u00dfwerkstatt.<\/p>\n","protected":false},"excerpt":{"rendered":"<p>Anl\u00e4sslich des 60j\u00e4hrigen Jubil\u00e4ums des bekannten Filmes &#8220;The Sound of Music&#8221; pr\u00e4sentieren wir aus unserer Spezialedition das Dirndl &#8220;The hills are alive&#8221;.  Wundersch\u00f6nes&#8230;<\/p>\n","protected":false},"featured_media":343915,"template":"","meta":{"_acf_changed":false},"product_brand":[],"product_cat":[48,49],"product_tag":[2565],"class_list":{"0":"post-337470","1":"product","2":"type-product","3":"status-publish","4":"has-post-thumbnail","6":"pricegroup-312","7":"pricegroup-202","8":"productgroup-313","9":"productgroup-204","10":"product_cat-damentracht","11":"product_cat-dirndl-kleider","12":"product_tag-dirndl-the-hills-are-alive","13":"pa_farbe-schwarz","14":"pa_farbe-weiss","15":"pa_farbe-mehrfarbig","17":"first","18":"instock","19":"taxable","20":"shipping-taxable","21":"purchasable","22":"product-type-variable","23":"has-default-attributes"},"acf":[],"jetpack_sharing_enabled":true,"_links":{"self":[{"href":"https:\/\/www.salzburgerheimatwerk.at\/en\/wp-json\/wp\/v2\/product\/337470","targetHints":{"allow":["GET"]}}],"collection":[{"href":"https:\/\/www.salzburgerheimatwerk.at\/en\/wp-json\/wp\/v2\/product"}],"about":[{"href":"https:\/\/www.salzburgerheimatwerk.at\/en\/wp-json\/wp\/v2\/types\/product"}],"wp:featuredmedia":[{"embeddable":true,"href":"https:\/\/www.salzburgerheimatwerk.at\/en\/wp-json\/wp\/v2\/media\/343915"}],"wp:attachment":[{"href":"https:\/\/www.salzburgerheimatwerk.at\/en\/wp-json\/wp\/v2\/media?parent=337470"}],"wp:term":[{"taxonomy":"product_brand","embeddable":true,"href":"https:\/\/www.salzburgerheimatwerk.at\/en\/wp-json\/wp\/v2\/product_brand?post=337470"},{"taxonomy":"product_cat","embeddable":true,"href":"https:\/\/www.salzburgerheimatwerk.at\/en\/wp-json\/wp\/v2\/product_cat?post=337470"},{"taxonomy":"product_tag","embeddable":true,"href":"https:\/\/www.salzburgerheimatwerk.at\/en\/wp-json\/wp\/v2\/product_tag?post=337470"}],"curies":[{"name":"wp","href":"https:\/\/api.w.org\/{rel}","templated":true}]}}

<p>Anlässlich des 60jährigen Jubiläums des bekannten Filmes &#8220;The Sound of Music&#8221; präsentieren wir aus unserer Spezialedition das Dirndl &#8220;The hills are alive&#8221;.<br />
Wunderschönes Leinendirndl in schwarz mit Streifschürze aus Halbleinen. Dank hochwertiger Leinen-Qualität begeistert das Modell mit traditioneller Aufmachung sowie romantischer Note durch die femininen Puffärmel. Der in Falten gelegte Rock mit den Biesen vollendet dieses einzigartige Dirndl und macht es zu einem zeitlosen Begleiter! Das Kleid kann auch ohne Schürze mit Gürtel getragen werden und ist auch an heißen Sommertagen ein traumhaftes Outfit. Qualität die man sieht und spürt &#8211; Qualität aus dem Salzburger Heimatwerk. Designt und verarbeitet im Herzen der Salzburger Altstadt in unserer Maßwerkstatt.</p>

<p>Anlässlich des 60jährigen Jubiläums des bekannten Filmes &#8220;The Sound of Music&#8221; präsentieren wir aus unserer Spezialedition das Dirndl &#8220;The hills are alive&#8221;.  Wunderschönes&#8230;</p>
